84. Suppose u*l + 12 = 3*b, 4 = b - 3*l + 7*l. Let y(c) = -c**3 + 5*c**2 - 7*c + 4. Calculate y(b).
-8
Let x(m) = -2*m**2 + 45*m + 27. Let v be x(23). Let t be 0 - (-1 + 2*-2). Suppose t*h + o = 1, v*h - 3*o = -2 - 1. Let g(u) = -u + 13. Determine g(h).
13
Suppose 10*d - 14*d = 2324. Let a = d - -582. Let w(u) = -3*u**3 - 5*u**2 + 5*u. Let k(m) = -m**3 - 3*m**2 + 3*m. Let t(q) = 7*k(q) - 4*w(q). What is t(a)?
5
Suppose 8*g + 5 = -2*a + 5*g, -3*a = 4*g + 6. Let w(k) = -6*k - 2*k**2 + a*k**2 + 0*k**2 + 68 - 66 - k**2. What is w(-4)?
10
Let j(u) = -2*u**2 + u. Let q(o) = -o**3 - 10*o**2 + 5*o - 1. Let w(i) = 6*j(i) - q(i). Determine w(2).
3
Let w(y) = -3113 + 117*y - 100*y + 2338. What is w(46)?
7
Let f(j) be the first derivative of j**4/2 - 5*j**3/3 + j**2/2 + j + 6. Let a be f(2). Let g(o) = 2 + 132*o - 1 - 137*o. Give g(a).
6
Let b(r) be the first derivative of -r + 0*r**2 - 165 - 2/3*r**3. Determine b(1).
-3
Let x(r) = 2*r - 2. Suppose 4*t - 8 = -y, 3*y = t - 2*y - 23. Suppose -4*g + 3*g = 4, u - 14 = t*g. Determine x(u).
2
Let p(l) = -13*l**2. Let n = 297 + -349. Suppose 0 = q + 32 + 21. Let z = n - q. Calculate p(z).
-13
Let l(z) be the second derivative of 5*z**3/3 + 3*z**2/2 + 128*z + 2. What is l(-3)?
-27
Let o(i) = 15*i**3 - 6*i**2 - 374*i - 18. Let f(p) = p**3 - 23*p - 1. Let r(d) = 16*f(d) - o(d). Give r(-7).
-89
Let z(p) = 3*p + 34 + 16*p - 34*p - 42 + p. What is z(-11)?
146
Let y = 42 - 37. Suppose -87 = -3*t - 5*m, -y*m + 58 = -2*t + 4*t. Let f(l) = 60 - 43 - 9*l - t - l**2. What is f(-8)?
-4
Let j = 2147 + -2147. Let o(t) = 2*t + 11. Give o(j).
11
Suppose 52 - 24 = 2*t. Suppose 2*i + 0*i + t = 0. Let v(w) be the second derivative of -w**4/12 - 5*w**3/6 - 7*w**2/2 - 230*w. Calculate v(i).
-21
Let j = -16031 - -16035. Let y(k) = -6*k + 56. What is y(j)?
32
Let i(m) = 0 - 293142*m + 4 + 293148*m + 35*m**2 - 12*m**2. Calculate i(-2).
84
Let n(b) be the second derivative of b**7/420 - b**6/360 - b**5/120 - b**4/24 - 11*b**3/6 - b**2 - b - 25. Let l(h) be the second derivative of n(h). Give l(2).
9
Let u(w) be the first derivative of 57 - 7*w - w**2 - 2*w**3 - 1/4*w**4. Determine u(-6).
5
Let m(r) = -r**3 + 2*r**2 + 6. Let z(d) = -d**2 - 6*d + 115. Let q be z(-14). Give m(q).
-3
Let g(u) = -u**3 + 4*u**2 + 3*u + 2. Let w be g(3). Suppose -11*b + w = -7*b. Let d(z) = -2*z**3 + 8*z**2 + 4*z**2 + 5 - 7*z**2 + z**3. Determine d(b).
5
Let z(u) = -u**2 + 8*u. Let t(c) = -3*c**2 - c - 73. Let m(n) = t(n) - 2*z(n). Determine m(-7).
-3
Let a(u) = -2*u**2 - 3*u - 3. Let d(o) be the first derivative of 9*o**2/2 - 201*o - 183. Let w be d(22). Give a(w).
-12
Let d be (-1)/2*(-189 - -189). Let s(c) = c**3 - c**2 - 2*c + 15. Determine s(d).
15
Let i = -81 + 83. Let b be ((-4)/(-8)*-2 - 1)/i. Let x(g) = 2*g - 3*g - 2*g. Determine x(b).
3
Let m(w) be the third derivative of w**6/120 - w**5/15 + w**4/12 - w**3 - 20*w**2 - 36. Let p = 20 + -16. Suppose p = 4*k - 12. Determine m(k).
2
Let c = 26 - 8. Let q be (-12)/9*c/4. Let x(t) = 5*t + 5*t - 12*t - t + t. Give x(q).
12
Let t(g) = -g**2 + 8. Let q(i) = -5*i**2 + 23*i + 13. Let h be q(10). Let x = h - -257. Calculate t(x).
8
Let l(v) = 7*v + 18. Let r = 2230 - 2233. What is l(r)?
-3
Let c(i) be the second derivative of -i**3/3 + 4*i**2 + i. Suppose 0 = -640*q + 2035*q. Calculate c(q).
8
Let g(j) = -j**2 + 1. Let a(z) = -4*z**2 + 13*z - 1. Let i(x) = a(x) - 3*g(x). Calculate i(10).
26
Let d(b) = -69*b - 189. Let i(t) = -55*t - 142. Let z(n) = -11*d(n) + 14*i(n). Give z(8).
3
Let j(m) = -m. Let p(r) = r - 19. Let i be p(23). Suppose -28 = 6*f - i. Let o be (-50)/15*(-6)/f. Determine j(o).
5
Let l(m) = -m**2 - 3*m - 1. Let n = 81 - 67. Let z be (-46)/n - 4/(-14). What is l(z)?
-1
Let x(v) = 2*v**2 + v - 6. Let q(a) = 3*a**2 - 12. Let k(b) = -3*q(b) + 5*x(b). Suppose -c - 31 = -5*o, -c + 5*o = 4*c + 55. Determine k(c).
12
Let f = 13986 - 13983. Let l(m) be the first derivative of -m - 13 - 1/2*m**2 + 2*m**f + 1/4*m**4. What is l(-6)?
5
Let u(z) = -78*z - 6. Let i(o) = 7*o + 1. Let p(m) = 22*i(m) + 2*u(m). Determine p(4).
2
Let t(w) = 17*w + 1. Let k be (-21 - 1218/(-56))/((-3)/8). Determine t(k).
-33
Let w(n) = -n**3 + 6*n**2 - 6*n + 2. Let v = -22 + 21. Let d(q) = -13*q**3 - q**2 + q + 1. Let z be d(v). Let t be 51/12 - 3/z. Give w(t).
10
Let l(u) be the second derivative of u**5/20 + 5*u**4/12 + u**3/6 + 3*u**2 - 41*u + 5. Let k = -9 - -4. Calculate l(k).
1
Let x(n) = -n - 1. Suppose 3*b - 4*h = 2 - 0, 0 = -5*h + 5. Let a(c) be the first derivative of -6*c**2 - 9*c + 53. Let l(m) = b*a(m) - 22*x(m). Give l(3).
-2
Let t(z) be the second derivative of -14*z - 3/2*z**3 + z**2 - 2 + 1/12*z**4. Calculate t(10).
12
Let k = 4002 - 4005. Let f(u) = u - 11. Determine f(k).
-14
Suppose 25 = 5*z, -11*z = 2*v - 12*z - 7. Suppose -82 = -4*h + 2*s, h - 4*s = 38 - 14. Suppose -2*p + v*p = -h. Let d(x) = 3*x + 2. Determine d(p).
-13
Let v(j) = j**3 + 13*j**2 - 5*j - 63. Let d be (-1)/3 + ((-23)/((-345)/190))/(-1). What is v(d)?
2
Let r(p) = -37 + 59 - 2*p + p**2 - 20. What is r(-9)?
101
Let q(s) = 87*s + 343. Let g be q(-4). Let t(n) = -n**2 - 4*n - 8. Give t(g).
-13
Let z(y) = 293*y - 1460. Let f be z(5). Let w(b) be the third derivative of 1/120*b**6 - 7/6*b**3 - 35*b**2 + 1/2*b**4 + 0 + 0*b + 13/60*b**f. What is w(-12)?
-7
Let s(g) = -10*g + 10. Let v be s(11). Let n = v - -103. Let f(z) = -z**2 + z. Give f(n).
-6
Let n(f) = 30 - 425*f - 426*f + 858*f. Determine n(-5).
-5
Let j(i) = -18 + i - i - 6 + 12 - 7*i. Let c(w) = 3*w + 7. Let h(s) = -5*c(s) - 2*j(s). Let p = -2 + 2. What is h(p)?
-11
Let r(q) be the second derivative of q**4/12 - q**3 + 27*q + 17. Let f = 10 - 6. Let b = f - -3. Give r(b).
7
Let r(b) = 8*b**3 - 4*b**2 + 4*b - 2. Let x = -3689 - -3691. Calculate r(x).
54
Let i(x) be the third derivative of 5*x**4/24 + 50*x**3/3 + 2566*x**2. Determine i(-18).
10
Let d(a) be the first derivative of a**5/60 - 11*a**4/24 + 39*a**2/2 - 49. Let b(x) be the second derivative of d(x). What is b(8)?
-24
Let u(g) = 2*g**2 - g**2 - 48281606 + 48281609 - 4*g. Suppose -4*c + 10 = 2*v, -3*c = 5*v - 16 + 5. Calculate u(c).
-1
Let n(j) = 3 - 9 + 3 - 26 - 5*j. What is n(-11)?
26
Let i(s) = s**3 + 7*s**2 + 11*s + 32. Let t be i(-6). Suppose 7 - 3 = t*n. Let x(k) = k**3 + 3*k - 3. Determine x(n).
11
Suppose 0*s - 2*s = -6*s + 84. Let k(o) = o**3 - 22*o**2 + 23*o - 26. What is k(s)?
16
Let s(i) = -40*i + 73. Let y(p) = 80*p - 156. Let r(f) = -7*s(f) - 3*y(f). Give r(1).
-3
Suppose 0 = -20*o - 120 + 60. Let c(d) = 7*d**2 - 4*d - 8. Give c(o).
67
Let t(a) = -a - 18*a + 7*a + 2*a + a - 194. Determine t(-22).
4
Let j(u) = u**3 - 8*u**2 + u - 3. Let y = -22 + 21. Let t(r) = -r**2 - 1. Let g(w) = y*j(w) + 5*t(w). What is g(3)?
-5
Let t(u) be the first derivative of -u**5/60 - u**4/12 + u**3/6 - 65*u**2 - 92. Let h(q) be the second derivative of t(q). What is h(-4)?
-7
Let v(o) = o**3 - 9*o**2 - 3. Suppose -2*u - 4 = 3*y, -7 = 4*y - 0*u + 3*u. Suppose -2*a = y*t - t - 19, 0 = -5*t + a + 128. Let w be 4 + 1*t/5. What is v(w)?
-3
Let v(i) = i**2 - 17*i + 49. Suppose -601*n - 191 = 689 - 4486. Calculate v(n).
-17
Let f(w) = -4*w. Suppose 4*x + 0*j - j = 62, -2*j - 19 = -x. Suppose -3 = 4*p - x. Suppose p*k - 6 = -9. Give f(k).
4
Let z(l) = 6*l - 83. Suppose -5*c = -2*u - 10, 188*c = 2*u + 192*c - 62. Give z(u).
7
Let h(x) = 5*x**3 - 32*x**2 - 24*x + 12. Let k(d) = 2*d**3 - 16*d**2 - 12*d + 5. Let t(g) = 3*h(g) - 7*k(g). Calculate t(-15).
46
Let j(y) = 7*y**3 + 2*y + 2. Let o(i) = 8*i**3 + 5*i**2 + 5*i + 20. Let d(k) = -j(k) + o(k). Determine d(-5).
3
Suppose 6*y + 190 = y. Let q be (-86)/(-12) + -7 - 1446/36. Let f = q - y. Let c(r) = -r**2 - 2*r. Determine c(f).
0
Let p(i) = -i**3 - 8*i**2 + 7*i - 6. Suppose 3*t + 15 = -3*z, 6*z - 8 = 4*z. Give p(t).
12
Let l = 3 - 2. Let v(h) = 0*h + 2*h + 6*h**2 - 4*h - 2 + 5. Let p be v(l). Let d(c) = c**2 - 6*c - 10. Determine d(p).
-3
Suppose l - 5*l = -4*w, -l + 3*w = -4. Let x(a) be the first derivative of -a**4/4 - 5*a**3/3 - a**2 + 347. Calculate x(l).
-8
Let w be -6*(77/21 - 3). Let l(p) = 4*p - 24. Let y(n) = -3*n + 16. Let j(m) = -5*l(m) - 7*y(m). What is j(w)?
4
Let a(m) be the first derivative of -3*m**2 + 12*m + 2883. Give a(19).
-102
Let s be (-21)/9 + 2 + (-295)/15. Let o = s + 33. Let 